. What is the units digit of w?
7
Let h be (-2)/(1 - 2) + 0. Suppose -40 = -5*k - p, -k - k = -h*p - 28. What is the units digit of (3/4)/(k/72)?
6
Let a(n) = n**2 + 6*n + 3. Let l(s) = 3*s**2 + 18*s + 8. Let x(d) = -8*a(d) + 3*l(d). What is the units digit of x(-9)?
7
Suppose 2*z - 3*t = 7*z - 461, -3*t - 358 = -4*z. Suppose z = 2*y - 33. Suppose -y = -3*w + 28. What is the tens digit of w?
3
Suppose -648 = m - 5*m. Suppose 4*p + 135 = 3*i, -7*p + 2*p + m = 3*i. What is the units digit of i?
9
Let c(w) = -5*w + 9. Let l be 20/(-50) + (-66)/10. What is the tens digit of c(l)?
4
Let q(k) = 2*k**3 + 57*k**2 + 63*k + 7. What is the units digit of q(-27)?
3
Suppose 56*v + 702 = 57*v. What is the tens digit of v?
0
Let q(a) = -a**3 - 11*a**2 + 11*a - 12. Let d be q(-12). Suppose d = -2*s + 265 + 153. What is the units digit of s?
9
Let o(d) = -d - 3. Let q(h) = -8*h. Let f be q(1). Let a be o(f). Suppose 19 = i - a. What is the tens digit of i?
2
Suppose -m - 4 = -6. Suppose 0 = -i - 5*s - 53, 0 = -5*i + m*s - 3*s - 169. What is the units digit of 12/(-16) + i/(-12)?
2
Let c(r) = -3*r**3 - 6*r**2 - 4*r - 4. Suppose -47 = 4*g - 31. What is the tens digit of c(g)?
0
Let m = -976 + 1714. What is the units digit of m?
8
Let i be (1/2)/((-3)/90). Let r = -10 - -1. Let t = r - i. What is the units digit of t?
6
Let u(g) = -7*g**3 - 2*g**2 - 10*g - 60. What is the tens digit of u(-5)?
1
Let j(m) = -42*m + 53. What is the tens digit of j(-4)?
2
What is the hundreds digit of (-5)/(-1)*(11 + 188)?
9
Suppose 3*p - 12 - 18 = 0. Suppose -q = p + 2. What is the units digit of (q/(-10))/(14/315)?
7
Let o(d) = 283*d + 286. What is the tens digit of o(13)?
6
Let f = 941 + -81. What is the hundreds digit of f?
8
Let i(d) = 15*d + 1. Let x be i(1). Let h(o) = -o**2 - 5*o + 7. Let v be h(-5). Let k = x - v. What is the units digit of k?
9
Let x = -4956 - -7445. What is the hundreds digit of x?
4
Let y(q) = 3*q**3 - 13*q**2 + 7*q + 11. Let k be y(6). Suppose -5*c + k = -v - 2*v, 5*v = 20. What is the units digit of c?
9
Let h = 4 - 5. Let m be 1 + -1*12 + h. What is the tens digit of 2/((10/m)/(-5))?
1
Suppose 14 = 3*h - 4*m, 4 - 14 = h - 5*m. Suppose -h*b = -2*b - 1680. What is the hundreds digit of b?
2
Let q = 795 - 548. Suppose -5*s + 133 = -q. What is the tens digit of s?
7
Let y(i) = -7 + 4 - 3 + 10*i + 4. Let x be (-3*1)/((-18)/12). What is the tens digit of y(x)?
1
Let n = 39 + -30. Suppose -n = -3*j - 0*j. Suppose -o - c + 73 = -j*c, 286 = 4*o - 5*c. What is the units digit of o?
9
Let m be (-6)/(-9)*3 + 0. Let g(l) = -41*l**2 - l - 2. Let s(h) = -40*h**2 - 2*h - 3. Let k(v) = m*s(v) - 3*g(v). What is the tens digit of k(1)?
4
Let q(l) = 0 + 6 - l + 3*l**3 - l**2 - l**3 - l**3. Let p be q(0). What is the tens digit of (-3)/p + (-166)/(-4)?
4
What is the tens digit of 5088/24 + -2 + (-2)/(-1)?
1
Let a(w) = 4*w**2 + 7*w + 1. Let d = -29 - -23. What is the tens digit of a(d)?
0
Suppose 4*v - 5*u = 5*v - 2857, 3*v = 4*u + 8590. What is the thousands digit of v?
2
Suppose -13 = 2*n + 5. What is the units digit of (15/n)/(4/(-228))?
5
Let u(w) = 3*w - 3. Let y be u(-11). Let f = 51 + y. Let v = 44 - f. What is the tens digit of v?
2
Let k be -3 - (-11 - (-1 + -3)). What is the units digit of 8/16 + (2 - (-62)/k)?
8
Suppose 0*l + 4*l = -d + 37, 3*l = -5*d + 151. Let n be 8/(22/(-20) - (-3)/5). Let v = n + d. What is the tens digit of v?
1
Let l(c) = -3*c**2 - 37*c + 67. Let y(n) = 2*n**2 + 18*n - 34. Let b(u) = -3*l(u) - 5*y(u). What is the units digit of b(15)?
9
Let k be (-46)/(-10) + 2/5. Let v be k*635 + 13 + -10. What is the tens digit of (-4)/10 + v/70?
4
Suppose 8*o - 7*o + n - 782 = 0, 5*o = 2*n + 3889. What is the tens digit of o?
7
Let n(l) = -l**3 - 6*l**2 - 4. Let w be n(-6). Let v be 302 + (6 - 4) + w. Suppose -t - 3*t + v = 0. What is the tens digit of t?
7
Let s be ((-1)/(4/(-32)))/2. Let l(x) = 3*x - 12. Let n be l(s). Suppose n = -2*k - k + 141. What is the tens digit of k?
4
Let q(j) = -j - 22. Let y be q(-29). What is the units digit of 1128/y + 6/(-42)?
1
Suppose -4*m - 3*p + 19344 = 0, m + 1804 = 3*p + 6655. What is the tens digit of m?
3
Let r = -10 + 31. Suppose -2*k - 42 = -2*w - 7*k, -w - 2*k = -r. What is the units digit of w?
1
Let p(f) be the first derivative of 13*f**4/4 + f**3/3 + f**2/2 - f - 3. Let c be p(1). What is the units digit of (-17 + c)*(-2)/6?
1
Let u be -18 + (-3)/4*-4. Let d be (5/u)/(1/15). Let z(h) = h**3 + 7*h**2 + 3*h - 4. What is the units digit of z(d)?
1
Suppose z + 5*x = 2, 0 = -2*z - 5*x + 5 - 1. Let r(m) = 3*m + 0*m**3 + m - z*m**2 + 2 - 2*m**3. What is the units digit of r(-3)?
6
What is the units digit of (27160/(-98))/((4/(-14))/1)?
0
Let q(z) = z**2 - 9*z - 13. Let y be 1/(-2 + ((-308)/(-24))/7). What is the tens digit of q(y)?
7
Let x(i) = i**3 - 15*i**2 + 16*i - 19. Let b be x(14). Suppose 0 = -15*k + b*k + 750. What is the tens digit of k?
2
Suppose 140 = -0*s - 5*s. Let y = 50 + s. Suppose 0 = -m + y + 5. What is the units digit of m?
7
Suppose 0 = -2*l + 4*h + 2506 + 820, -4*h = -4*l + 6652. Suppose 8*z - l = 857. What is the hundreds digit of z?
3
Let s(v) be the third derivative of v**5/10 - v**4/3 - 7*v**3/6 + 21*v**2. Suppose 4 = z + 7. What is the tens digit of s(z)?
7
Suppose 514 = -3*p + 1618. Suppose 5*b - p - 1247 = 0. What is the tens digit of b?
2
Let y be 174*5/(-30)*2. What is the tens digit of (-130)/52*(1 + y/10)?
1
Suppose d + 0*d = 5*h, -5*h - d = 0. Let x be 4/4 + 25 + h. Suppose 0*s = -s + x. What is the units digit of s?
6
Let q(i) = 9*i**2 - 1. Let t be q(-7). Suppose -t = -5*l - 5*b, -5*l + l + 3*b + 373 = 0. What is the tens digit of l?
9
Let q(h) = 6*h**2 - 5*h - 16. What is the units digit of q(7)?
3
Suppose 4*c - 2*f - 4 = 0, 2*c + 4*f = 3*f - 2. Suppose -3*s = 2*m - 337, c = -6*s + s - 2*m + 563. What is the hundreds digit of s?
1
Let q = 200 + -38. Suppose -2*f - q = -2*u, -8 = -u - 2*f + 67. What is the tens digit of u?
7
Let o(t) = 68*t**2 + 2 - 4 - 24*t**2 - 2 + 5*t. What is the tens digit of o(2)?
8
Let u = 1395 + -890. What is the tens digit of u?
0
Suppose 2*r + 51 - 7 = 0. Let t = r + 16. Let p(h) = -3*h + 3. What is the tens digit of p(t)?
2
What is the units digit of (-2 + 1)*(-187 - (7 - 1))?
3
Suppose -2*m = 0, 2*m + 0*m - 12 = -2*y. Suppose -y = -3*v - 9. What is the units digit of v - ((2 - 4) + -6)?
7
Suppose -l - j + 2343 = l, 2*l - 2331 = 3*j. What is the units digit of l?
0
Let f be 1/((0 + -3)/12). Let z be (3/f)/(4/(-48)). What is the units digit of (8/3)/(z/108)?
2
Let i = -6 - -6. Suppose 0 = j - 3, i = -2*h + j + 221. What is the tens digit of h?
1
Suppose -4*n + 0*n = -12. Suppose -r = -4 - n. Suppose 2*q + 145 = r*q. What is the units digit of q?
9
What is the tens digit of (-95)/2*(-6520)/163?
0
Let d = -76 + 172. Let v = d - 83. What is the tens digit of v?
1
What is the hundreds digit of 15/18 - (-40243)/42?
9
Let m(g) = 4*g + 4. Let y be m(2). Suppose -3*u = -5*i + 5, -1 = 4*i + u + y. What is the units digit of 8/10*(-5)/i?
2
Suppose -q - 3*y - 2 = 10, -4*q - 14 = -5*y. What is the tens digit of q/(-2) - 495/(-9)?
5
Suppose 43 = -3*c - 4*p, c = p - 5*p - 25. What is the units digit of (39/c + 3)*-3?
4
Suppose -12 = -3*v + 9. Suppose -v = -r + 73. What is the units digit of r?
0
Suppose 5169 = 17*h + 1327. What is the units digit of h?
6
Let z be (128/10)/(27/(-15) + 2). Let j = -28 + z. What is the tens digit of j?
3
Let c = 6 - -2. Suppose -c*h + 242 = -446. What is the units digit of h?
6
Suppose -3*f + 2550 = -4*b, -f + 579 + 282 = -5*b. What is the hundreds digit of f?
8
Let n(h) = -h - 8. Let l be n(-13). Suppose 0 = i - 8 + l. What is the units digit of (-1)/(((-3)/i)/21)?
1
Let t be -92*(3/(-2) - -1). Suppose 0 = -4*r - 2*s - 2*s + 40, 0 = 4*r - s - 40. Let o = r + t. What is the units digit of o?
6
Let p = -409 + 417. Let w = 105 - 69. Let h = w - p. What is the tens digit of h?
2
Suppose -125 = -48*c + 43*c. Let z = c - -193. What is the tens digit of z?
1
Let w(a) be the second derivative of -2*a**3 - a**2 + 5*a. Let b be w(-1). Let i(u) = -u**2 + 12*u + 9. What is the tens digit of i(b)?
2
Suppose p - 2*f - 2128 = 0, 3*p = 2*f + 497 + 5891. What is the units digit of p?
0
Let x(i) = 20*i**3 + 35*i**2 - 8*i. Let u(c) = -7*c**3 - 12*c*